 tens digit of 6626?
2
What is the units digit of 1333?
3
What is the hundreds digit of 508?
5
What is the tens digit of 3109?
0
What is the thousands digit of 1065?
1
What is the hundreds digit of 565?
5
What is the thousands digit of 17590?
7
What is the units digit of 502?
2
What is the units digit of 3692?
2
What is the units digit of 7111?
1
What is the ten thousands digit of 15079?
1
What is the hundreds digit of 3226?
2
What is the units digit of 176767?
7
What is the units digit of 29228?
8
What is the hundreds digit of 461?
4
What is the thousands digit of 1094?
1
What is the hundreds digit of 1689?
6
What is the units digit of 23197?
7
What is the thousands digit of 15782?
5
What is the hundreds digit of 1193?
1
What is the tens digit of 1123?
2
What is the ten thousands digit of 130930?
3
What is the tens digit of 20143?
4
What is the hundreds digit of 4503?
5
What is the thousands digit of 48044?
8
What is the thousands digit of 10975?
0
What is the units digit of 4289?
9
What is the units digit of 5793?
3
What is the tens digit of 8357?
5
What is the thousands digit of 82068?
2
What is the hundreds digit of 1619?
6
What is the units digit of 7068?
8
What is the thousands digit of 7438?
7
What is the thousands digit of 10630?
0
What is the units digit of 1477?
7
What is the thousands digit of 1219?
1
What is the thousands digit of 1955?
1
What is the thousands digit of 2044?
2
What is the thousands digit of 3274?
3
What is the thousands digit of 16949?
6
What is the thousands digit of 70379?
0
What is the hundreds digit of 7314?
3
What is the hundreds digit of 1564?
5
What is the thousands digit of 6944?
6
What is the units digit of 3101?
1
What is the units digit of 27994?
4
What is the hundreds digit of 857?
8
What is the thousands digit of 12880?
2
What is the thousands digit of 4922?
4
What is the hundreds digit of 55424?
4
What is the tens digit of 2494?
9
What is the ten thousands digit of 110971?
1
What is the hundreds digit of 952?
9
What is the units digit of 72832?
2
What is the tens digit of 346?
4
What is the units digit of 6970?
0
What is the units digit of 15924?
4
What is the ten thousands digit of 49823?
4
What is the thousands digit of 32096?
2
What is the tens digit of 7220?
2
What is the hundreds digit of 27599?
5
What is the tens digit of 1413?
1
What is the units digit of 2265?
5
What is the units digit of 21926?
6
What is the ten thousands digit of 22433?
2
What is the units digit of 42859?
9
What is the units digit of 6857?
7
What is the hundred thousands digit of 126126?
1
What is the hundreds digit of 48958?
9
What is the thousands digit of 1759?
1
What is the tens digit of 690?
9
What is the thousands digit of 16737?
6
What is the hundreds digit of 4348?
3
What is the thousands digit of 1056?
1
What is the units digit of 735?
5
What is the tens digit of 17419?
1
What is the units digit of 557?
7
What is the tens digit of 801?
0
What is the hundreds digit of 77891?
8
What is the units digit of 1507?
7
What is the hundreds digit of 2753?
7
What is the hundreds digit of 2897?
8
What is the units digit of 10041?
1
What is the tens digit of 2717?
1
What is the tens digit of 30101?
0
What is the thousands digit of 31472?
1
What is the tens digit of 3478?
7
What is the tens digit of 24793?
9
What is the units digit of 1416?
6
What is the units digit of 169581?
1
What is the units digit of 994?
4
What is the tens digit of 1424?
2
What is the tens digit of 13351?
5
What is the thousands digit of 6254?
6
What is the hundreds digit of 103127?
1
What is the units digit of 771?
1
What is the hundreds digit of 6216?
2
What is the units digit of 5050?
0
What is the tens digit of 702?
0
What is the units digit of 573?
3
What is the tens digit of 4489?
8
What is the ten thousands digit of 31700?
3
What is the units digit of 16761?
1
What is the hundreds digit of 589?
5
What is the units digit of 4383?
3
What is the ten thousands digit of 46959?
4
What is the units digit of 3125?
5
What is the hundreds digit of 4333?
3
What is the thousands digit of 67589?
7
What is the units digit of 10424?
4
What is the thousands digit of 3364?
3
What is the thousands digit of 6214?
6
What is the tens digit of 5226?
2
What is the units digit of 106094?
4
What is the ten thousands digit of 11683?
1
What is the tens digit of 3816?
1
What is the hundreds digit of 5903?
9
What is the tens digit of 120666?
6
What is the hundreds digit of 45713?
7
What is the ten thousands digit of 63011?
6
What is the units digit of 7488?
8
What is the tens digit of 5749?
4
What is the ten thousands digit of 15728?
1
What is the hundreds digit of 32040?
0
What is the tens digit of 1767?
6
What is the hundreds digit of 28920?
9
What is the tens digit of 1985?
8
What is the hundreds digit of 296?
2
What is the tens digit of 527?
2
What is the hundreds digit of 1715?
7
What is the hundreds digit of 457?
4
What is the tens digit of 29911?
1
What is the hundreds digit of 20746?
7
What is the units digit of 1858?
8
What is the thousands digit of 4238?
4
What is the units digit of 2298?
8
What is the thousands digit of 70272?
0
What is the hundreds digit of 3420?
4
What is the hundreds digit of 67982?
9
What is the tens digit of 1010?
1
What is the hundreds digit of 167?
1
What is the thousands digit of 3898?
3
What is the hundreds digit of 812?
8
What is the ten thousands digit of 14119?
1
What is the thousands digit of 2338?
2
What is the hundreds digit of 118122?
1
What is the hundreds digit of 336?
3
What is the hundreds digit of 1663?
6
What is the thousands digit of 1024?
1
What is the units digit of 53171?
1
What is the tens digit of 26189?
8
What is the units digit of 2735?
5
What is the thousands digit of 48483?
8
What is the hundreds digit of 1230?
2
What is the units digit of 1413?
3
What is the tens digit of 13489?
8
What is the units digit of 26723?
3
What is the tens digit of 3324?
2
What is the units digit of 532?
2
What is the thousands digit of 2597?
2
What is the tens digit of 5265?
6
What is the hundreds digit of 445?
4
What is the hundreds digit of 1931?
9
What is the tens digit of 9750?
5
What is the ten thousands digit of 104446?
0
What is the ten thousands digit of 85650?
8
What is the tens digit of 1069?
6
What is the units digit of 2649?
9
What is the hundreds digit of 52713?
7
What is the thousands digit of 146074?
6
What is the tens digit of 964?
6
What is the thousands digit of 146078?
6
What is the thousands digit of 3941?
3
What is the tens digit of 18252?
5
What is the tens digit of 1873?
7
What is the tens digit of 21829?
2
What is the tens digit of 667?
6
What is the hundreds digit of 7382?
3
What is the units digit of 43210?
0
What is the tens digit of 7535?
3
What is the units digit of 83978?
8
What is the tens digit of 2148?
4
What is the tens digit of 680?
8
What is the units digit of 37380?
0
What is the hundreds digit of 49443?
4
What is the ten thousands digit of 42782?
4
What is the thousands digit of 1701?
1
What is the thousands digit of 3994?
3
What is the ten thousands digit of 11308?
1
What is the hundreds digit of 5777?
7
What is the tens digit of 12731?
3
What is the units digit of 21739?
9
What is the units digit of 6787?
7
What is the tens digit of 93076?
7
What is the hundreds digit of 1047?
0
What is the thousands digit of 24356?
4
What is the tens digit of 114669?
6
What is the ten thousands digit of 105982?
0
What is the units digit of 27724?
4
What is the thousands digit of 51160?
1
What is the hundreds digit of 62613?
6
What is the hundreds digit of 79895?
8
What is the tens digit of 20986?
8
What is the tens digit of 755?
5
What is the thousands digit of 6919?
6
What is the thousands digit of 7891?
7
What is the units digit of 8872?
2
What is the hundreds digit of 5874?
8
What is the ten thousands digit of 60603?
6
What is the hundreds digit of 1063?
0
What is the units digit of 1470?
0
What is the tens digit of 5247?
4
What is the hundreds digit of 1533?
5
What is the units digit of 18?
8
What is the units digit of 1144?
4
What is the tens digit of 6686?
8
What is the thousands digit of 7654?
7
What is the tens digit of 288?
8
What is the thousands digit of 37961?
7
What is the units digit of 1215?
5
What